
What is the ten thousands digit of 223695?
2
What is the ten thousands digit of 890753?
9
What is the millions digit of 1851832?
1
What is the ten thousands digit of 82782?
8
What is the thousands digit of 170873?
0
What is the thousands digit of 229187?
9
What is the hundreds digit of 110595?
5
What is the units digit of 1514174?
4
What is the units digit of 248391?
1
What is the units digit of 84582?
2
What is the tens digit of 252626?
2
What is the hundreds digit of 404484?
4
What is the millions digit of 13871176?
3
What is the units digit of 251245?
5
What is the hundred thousands digit of 590538?
5
What is the hundreds digit of 216879?
8
What is the tens digit of 55571?
7
What is the hundred thousands digit of 491445?
4
What is the units digit of 9975735?
5
What is the tens digit of 6821033?
3
What is the units digit of 5114501?
1
What is the hundred thousands digit of 1924418?
9
What is the ten thousands digit of 43398?
4
What is the hundreds digit of 15138249?
2
What is the ten millions digit of 23629543?
2
What is the millions digit of 34986210?
4
What is the tens digit of 441213?
1
What is the ten thousands digit of 1005010?
0
What is the hundred thousands digit of 208935?
2
What is the ten thousands digit of 346615?
4
What is the thousands digit of 1360971?
0
What is the units digit of 5156255?
5
What is the tens digit of 5754763?
6
What is the hundreds digit of 214384?
3
What is the units digit of 9358881?
1
What is the hundreds digit of 3801833?
8
What is the tens digit of 7333366?
6
What is the millions digit of 8368178?
8
What is the millions digit of 2139188?
2
What is the hundreds digit of 62657?
6
What is the tens digit of 1733977?
7
What is the units digit of 62825?
5
What is the thousands digit of 164677?
4
What is the tens digit of 1062011?
1
What is the units digit of 14293943?
3
What is the hundreds digit of 9456?
4
What is the hundreds digit of 2133933?
9
What is the hundreds digit of 553666?
6
What is the hundred thousands digit of 11398981?
3
What is the millions digit of 10787585?
0
What is the hundreds digit of 2961934?
9
What is the hundred thousands digit of 16565644?
5
What is the thousands digit of 3671873?
1
What is the millions digit of 4435983?
4
What is the hundred thousands digit of 1518575?
5
What is the hundreds digit of 340171?
1
What is the tens digit of 1887953?
5
What is the hundreds digit of 103644?
6
What is the thousands digit of 385860?
5
What is the ten millions digit of 14138378?
1
What is the tens digit of 9603198?
9
What is the hundred thousands digit of 23573662?
5
What is the ten thousands digit of 47055?
4
What is the hundred thousands digit of 212371?
2
What is the units digit of 905678?
8
What is the millions digit of 1523398?
1
What is the hundred thousands digit of 28877505?
8
What is the units digit of 23117?
7
What is the tens digit of 374764?
6
What is the units digit of 8424?
4
What is the tens digit of 309896?
9
What is the millions digit of 21091431?
1
What is the tens digit of 215137?
3
What is the units digit of 183736?
6
What is the hundreds digit of 796464?
4
What is the tens digit of 69274?
7
What is the tens digit of 2979339?
3
What is the tens digit of 14819934?
3
What is the hundreds digit of 420671?
6
What is the tens digit of 131910?
1
What is the units digit of 1132695?
5
What is the hundred thousands digit of 997384?
9
What is the units digit of 3298863?
3
What is the thousands digit of 282983?
2
What is the tens digit of 14989?
8
What is the units digit of 248452?
2
What is the thousands digit of 720173?
0
What is the thousands digit of 3368284?
8
What is the tens digit of 350296?
9
What is the hundreds digit of 1043333?
3
What is the thousands digit of 355077?
5
What is the tens digit of 2839304?
0
What is the tens digit of 1085?
8
What is the units digit of 177318?
8
What is the hundred thousands digit of 28521500?
5
What is the ten thousands digit of 655660?
5
What is the hundreds digit of 8024560?
5
What is the thousands digit of 488137?
8
What is the hundreds digit of 921738?
7
What is the hundred thousands digit of 168703?
1
What is the hundred thousands digit of 31935194?
9
What is the hundreds digit of 3247395?
3
What is the thousands digit of 5784328?
4
What is the units digit of 95578?
8
What is the ten thousands digit of 12832218?
3
What is the units digit of 28865310?
0
What is the units digit of 357843?
3
What is the units digit of 3835463?
3
What is the thousands digit of 2976292?
6
What is the millions digit of 1457756?
1
What is the millions digit of 7354200?
7
What is the ten thousands digit of 11696995?
9
What is the thousands digit of 122173?
2
What is the ten thousands digit of 21888051?
8
What is the tens digit of 14377129?
2
What is the hundred thousands digit of 9063725?
0
What is the ten thousands digit of 220859?
2
What is the ten thousands digit of 45742?
4
What is the thousands digit of 30274404?
4
What is the hundred thousands digit of 1433054?
4
What is the units digit of 842609?
9
What is the units digit of 189591?
1
What is the hundreds digit of 683091?
0
What is the tens digit of 854353?
5
What is the hundred thousands digit of 313485?
3
What is the hundred thousands digit of 5033816?
0
What is the thousands digit of 741751?
1
What is the hundred thousands digit of 22622720?
6
What is the tens digit of 1152526?
2
What is the ten thousands digit of 242345?
4
What is the tens digit of 153025?
2
What is the units digit of 709919?
9
What is the hundred thousands digit of 476292?
4
What is the millions digit of 2034052?
2
What is the units digit of 1247056?
6
What is the thousands digit of 27436254?
6
What is the tens digit of 149519?
1
What is the hundred thousands digit of 737915?
7
What is the hundred thousands digit of 1407595?
4
What is the ten thousands digit of 384106?
8
What is the units digit of 1243135?
5
What is the ten thousands digit of 18260?
1
What is the hundred thousands digit of 4828133?
8
What is the tens digit of 17450953?
5
What is the hundreds digit of 13446064?
0
What is the hundreds digit of 15917205?
2
What is the millions digit of 17767422?
7
What is the tens digit of 689502?
0
What is the hundreds digit of 8776391?
3
What is the hundreds digit of 2341262?
2
What is the ten thousands digit of 54829?
5
What is the thousands digit of 834549?
4
What is the tens digit of 2057886?
8
What is the hundreds digit of 203021?
0
What is the thousands digit of 743661?
3
What is the hundreds digit of 102683?
6
What is the units digit of 733906?
6
What is the tens digit of 3408387?
8
What is the units digit of 346736?
6
What is the hundreds digit of 227507?
5
What is the thousands digit of 5102856?
2
What is the ten thousands digit of 7608717?
0
What is the ten thousands digit of 181071?
8
What is the hundreds digit of 4576034?
0
What is the ten thousands digit of 559624?
5
What is the ten thousands digit of 955008?
5
What is the tens digit of 6104850?
5
What is the units digit of 465590?
0
What is the units digit of 587839?
9
What is the hundreds digit of 285803?
8
What is the hundreds digit of 559635?
6
What is the thousands digit of 3592674?
2
What is the units digit of 426052?
2
What is the ten thousands digit of 1493502?
9
What is the tens digit of 1523511?
1
What is the ten thousands digit of 1557684?
5
What is the millions digit of 4026951?
4
What is the units digit of 342550?
0
What is the tens digit of 257511?
1
What is the units digit of 74625?
5
What is the tens digit of 2052271?
7
What is the hundreds digit of 10829255?
2
What is the tens digit of 1868828?
2
What is the hundred thousands digit of 152837?
1
What is the thousands digit of 829405?
9
What is the millions digit of 19816232?
9
What is the units digit of 978662?
2
What is the units digit of 24572558?
8
What is the units digit of 919248?
8
What is the thousands digit of 70023?
0
What is the tens digit of 15580682?
8
What is the ten thousands digit of 4971649?
7
What is the tens digit of 21276597?
9
What is the hundreds digit of 1271907?
9
What is the hundred thousands digit of 208177?
2
What is the hundreds digit of 1174343?
3
What is the tens digit of 336392?
9
What is the hundreds digit of 793291?
2
What is the hundred thousands digit of 914492?
9
What